 of l?
1
Suppose 3*j + 4*y - 10 = 2*j, 2 = 3*j - 2*y. Let x(l) = -9 - 9*l + l**j - l**2 - l**2. What is the units digit of x(-7)?
5
Suppose u = -2*q + 10, 7*q + 4 = 4*u + 3*q. Suppose 0 = -4*y + u + 28. What is the units digit of y?
8
Let y = -1 - -21. What is the tens digit of y?
2
Let k(m) = m**2 + 6*m + 7. Let d be k(-5). Suppose -d*l + 1 = -19. What is the tens digit of l?
1
Let x(a) = -a**2 - 12*a - 12. Let r be x(-11). Let t = 10 + r. What is the units digit of t?
9
Let z be 25/(-10)*(2 + 0). Let u = 5 + z. Let t(s) = -s + 8. What is the units digit of t(u)?
8
Let c be (-3 - 6/(-3)) + 0. What is the units digit of 29/4 - c/(-4)?
7
What is the units digit of (-1 - -1) + 4*(2 + 34)?
4
Suppose -6*y - 394 = -1996. What is the tens digit of y?
6
Suppose 3*x - 7*x - 3*y = 0, -12 = 3*y. Suppose 2 - 8 = -x*m. Suppose -2*s + 22 = 4*q, m*s - 4*q + 1 = -1. What is the units digit of s?
5
Let i(c) be the third derivative of c**5/30 - c**4/6 - c**3/3 + c**2. What is the tens digit of i(4)?
1
Suppose -7*w + 2 = -831. What is the tens digit of w?
1
Suppose -9*g + 320 + 1021 = 0. What is the tens digit of g?
4
Let i = -103 - -74. Let r = -20 - i. What is the units digit of r?
9
Suppose 8 = 2*b + 46. Let l = b - -51. What is the units digit of l?
2
Suppose 1 = -k - t, -5*t - 3 - 22 = -5*k. Suppose 5*h = 4*h + k. Let r = 4 - h. What is the units digit of r?
2
Let b(a) = a + 2. Let v be b(-2). Suppose -2*o + 12 = -v*o. What is the units digit of o?
6
Let p be 145/45 + (-4)/18. Suppose 0*m - 4*m = 5*h - 70, -45 = -3*h - p*m. What is the tens digit of h?
1
Let r(l) = -l**3 - 5*l**2 - 3*l + 5. Let h be r(-4). Let z(q) = q**2 - 1. Let f(k) = k**2. Let n(c) = 6*f(c) - z(c). What is the units digit of n(h)?
6
Let s = 166 - 165. What is the units digit of s?
1
What is the units digit of (-562)/(-10) + 1/(-5)?
6
Suppose -3*b - 5*y - 20 = -5*b, -5*y - 35 = -5*b. Suppose -c - 28 = -2*z, 4*c = b*z - 36 - 31. What is the tens digit of z?
1
Suppose 7*v - 9 = 5. Let o = 18 - v. What is the units digit of o?
6
Suppose 3*g - 4 = -g + 3*i, 4*i = 0. Let k be 39 + 0 + 2 - g. Suppose -3*a + k = a. What is the tens digit of a?
1
Let h(p) = p + 2. Let s be h(2). Suppose 3*n + 19 = -5*f, 0 = -3*n - s*f - 14 - 3. Let w = n + 13. What is the tens digit of w?
1
Let s = 134 + -89. What is the tens digit of s?
4
What is the tens digit of 13/52 - (-1)/(-4) - -36?
3
Suppose 3*s - 4*a = -2*s + 855, 5*a + 192 = s. What is the hundreds digit of s?
1
Let w(u) = -4*u**2 + 42*u - 23. Let i(x) = -x**2 + 14*x - 8. Let y(a) = -7*i(a) + 2*w(a). What is the tens digit of y(-10)?
5
Suppose 2*i = -3*i + 20. Suppose i*f = b - 38, -7 = -5*f - 32. What is the units digit of b?
8
Let i(c) = -c**3 + 4*c**2 - 3*c. Let o be i(2). Suppose 0 = 4*f, t + o*f + 2 = 2*t. What is the units digit of t?
2
Let s(a) = 9*a + 14. What is the tens digit of s(7)?
7
Let i(a) = -3*a - 20. What is the tens digit of i(-23)?
4
What is the tens digit of ((-234)/8)/(51/(-136))?
7
Suppose 10 = -0*y + 2*y. Suppose -y*a + 12 = -53. What is the tens digit of a?
1
Let l(i) be the second derivative of i**4/12 + 5*i**3/6 - 7*i**2/2 + 2*i. Let v = -1 - 6. What is the units digit of l(v)?
7
Suppose -5*d = -13 - 22. Suppose 4*u = -4*x + 4, -3*x + 0*x = u + d. What is the units digit of u?
5
Let y(q) = -3*q - 2. Let t be y(-4). Let v be t/35 + (-24)/(-14). Let p(b) = 4*b**2 - 2*b - 2. What is the tens digit of p(v)?
1
Let s(z) = z**2 - 4*z - 3. Let r be s(5). What is the units digit of ((-6)/9*-18)/r?
6
What is the tens digit of 608/12 - (-3)/9?
5
Suppose -5*w = 5*v - 71 + 6, -v = 4. What is the tens digit of w?
1
Suppose -4*p + 0*m - 2*m + 30 = 0, 9 = p - m. Suppose q - 5 - p = 0. What is the units digit of q?
3
Let x = 19 + -16. What is the units digit of x?
3
Suppose 4*i = -5*g - 133, 0 = -3*g - 4*i - 0*i - 75. Let u = 46 + g. Let c = u + -10. What is the units digit of c?
7
Suppose -3*w = -0 - 3. Suppose 3*q - q + 4*u + 2 = 0, -w = -2*q - u. What is the units digit of q?
1
Suppose 0 = -11*b + 6*b + 540. Suppose 0 = -6*s + 4*s - r + 54, r + b = 4*s. What is the units digit of s?
7
Let b(k) = -2*k**3 + k**2. Let l be b(1). What is the tens digit of ((-2)/6)/(l/33)?
1
Suppose -6 + 0 = -3*x. Suppose -6*o - 16 = -x*z - o, 5*z - 40 = -2*o. What is the units digit of z?
8
Let c be -2 - (-8 + (-1 - -2)). Let r = c + 4. What is the units digit of r?
9
Let t(q) = 3*q**3 + 17*q**2 - 13*q - 11. Let p(h) = 4*h**3 + 25*h**2 - 19*h - 16. Let v(r) = 5*p(r) - 7*t(r). Let d = 2 - -3. What is the units digit of v(d)?
2
Suppose 3*w - 5*w + i = -74, -w = 2*i - 47. Suppose 4*k = -3*h + 26, -4*h - 13 + w = k. Suppose -5 = -s - a, -s = 3*s - 3*a - h. What is the units digit of s?
3
Let h be 9/18 + (-6)/(-4). Suppose -4*n + 10 = -h*f - 0*n, -n = -f. What is the units digit of f?
5
Let k = -99 - -145. What is the tens digit of k?
4
What is the tens digit of 2/(-6)*(9 + -42)?
1
Let y(u) = 2*u**2 + 5*u + 7. Let d be y(-7). Suppose 0 = 2*j + 3*j - d. What is the units digit of j?
4
What is the tens digit of -1*(1 - -2) - (4 - 29)?
2
Let w(o) = -o**2 + 4*o + 4. Let p be w(4). Suppose p*x - 78 = x. Suppose 48 + x = 5*j - d, 0 = -j - 4*d - 2. What is the units digit of j?
4
Let z(n) = n**2 + 4*n - 4. Let c = -4 - 0. Let t be z(c). Let x = t + 7. What is the units digit of x?
3
Let t(p) = -2*p - 7 + 7*p - 2*p**2 + 3*p**2. Let d(x) = -7*x**2 + x + 1. Let z be d(-1). What is the units digit of t(z)?
7
Let z(p) = -p + 12. Let i be z(6). Let w = 1 + i. What is the units digit of w?
7
What is the tens digit of (-3 - -4)*4 + 64?
6
What is the units digit of 1395/10 - (-2)/4?
0
Let i(s) = 16*s**2 + 3. What is the tens digit of i(-2)?
6
What is the units digit of 1/(2*2/1044)?
1
Suppose 3*i = 2*f - 39, -101 = -5*f + 2*i + 24. What is the tens digit of f?
2
Suppose -3 = -h + 3*n + 1, 3*n - 4 = -h. Suppose -40 = -h*m + 20. What is the units digit of m?
5
Let d(w) = 2*w**2 - 1 - 3*w + 3*w - 2*w. Let u be 4*(-3 - (-7)/2). What is the units digit of d(u)?
3
Let y = -7 - 21. Let c = y + 47. Let z = -11 + c. What is the units digit of z?
8
Suppose 5*h = h + 300. What is the units digit of h?
5
Suppose 1 - 7 = -2*u, -3*x + 2*u - 39 = 0. Let s = x + 38. What is the units digit of s?
7
Let a(w) = -w + 7 + 5*w + 0*w - 5*w. What is the units digit of a(6)?
1
Let k be (-1 + 0)/((-4)/92). Suppose 4*z + 5 = -2*o + k, -z - 1 = -5*o. What is the units digit of -2 + o + 6 + -4?
1
Let z(j) = -j - 6. Let q be z(-6). Let y be q/((-4)/(-2) - 1). Suppose -l - 3*w - 2 = y, 2*w - 15 = -2*l - l. What is the units digit of l?
7
Let n(k) = -k**3 + 2*k**2 + 2*k + 1. Let i = -3 + 2. Let m be n(i). Suppose -2*t + 12 = 2*x, t - 4 = 5*x + m. What is the units digit of t?
6
Let m(v) = v + 7. Let r be 8/(-6)*9/(-6). Suppose r*c = -3*c. What is the units digit of m(c)?
7
Let y = 4 + -2. Let t(r) = 1 + 8*r - 2*r**y + 3*r**2 + 7. What is the units digit of t(-8)?
8
Suppose 0 = 3*c + j - 52, -c + 2*c - j - 20 = 0. What is the units digit of c?
8
Let x = 181 + -103. What is the tens digit of x?
7
Let z be (4/6)/((-2)/(-93)). Let v = z - 18. What is the tens digit of v?
1
Suppose 1090 = 5*d - 870. What is the hundreds digit of d?
3
Let y(s) = -s**3 - 6*s**2 - 2*s + 1. What is the tens digit of y(-6)?
1
Let t be -1*(-2 - 1 - -4). Let i(u) = 6*u**2 + 1. What is the units digit of i(t)?
7
Let y(q) be the second derivative of -q**5/20 - 3*q**4/4 + q**3/6 + 11*q**2/2 + q. Let m be y(-9). What is the units digit of 1*m*(2 + 0)?
4
Suppose 4*c + 3 = 27. Let f be ((-4)/3)/((-2)/c). Suppose -13 = 3*v - 5*w, -2*w + f = -6. What is the units digit of v?
4
Let z be (0 - 1)/(2/(-8)). Suppose 0*x + z = 4*x. Let c = 9 - x. What is the units digit of c?
8
Let u(f) be the second derivative of f**3/3 - 4*f**2 + 5*f. What is the units digit of u(6)?
4
Suppose l + 4 = -6. Let n(w) = w**2 + 11*w + 15. Let b be n(l). Suppose -b*d + 2 + 8 = 0. What is the units digit of d?
2
Suppose 0 = -6*w + w - 20, 3*n = -5*w - 11. Suppose -h = -10 + n. What is the units digit of h?
7
Let d be (0 - 3) + 2 + 1. Let l = d - -2. Suppose -q + 60 = l*q. What is the units digit of q?
0
Let u(f) = -f**3 - 2*f**2 + 3*f - 1. What is the tens digit of u(-4)?
1
Let d be 6 + -4*1 + 2. What is the units digit of -1 - d/((-12)/21)?
6
What is the units digit of